{"id":16,"date":"2012-02-22T14:20:16","date_gmt":"2012-02-22T13:20:16","guid":{"rendered":"http:\/\/hdir-4.hdir.hr\/?page_id=16"},"modified":"2020-07-17T11:43:40","modified_gmt":"2020-07-17T09:43:40","slug":"programme","status":"publish","type":"page","link":"https:\/\/hdir-5.hdir.hr\/?page_id=16","title":{"rendered":"Programme"},"content":{"rendered":"<h3><strong>Final Programme<\/strong><\/h3>\n<p><!--:en-->\n<table id=\"wp-table-reloaded-id-2-no-1\" class=\"wp-table-reloaded wp-table-reloaded-id-2\">\n<tbody>\n\t<tr class=\"row-1\">\n\t\t<td colspan=\"2\" class=\"column-1 colspan-2\">November 8, 2018 \/ Thursday<\/td>\n\t<\/tr>\n\t<tr class=\"row-2\">\n\t\t<td class=\"column-1\">13:00-15:00<\/td><td class=\"column-2\">Registration<\/td>\n\t<\/tr>\n\t<tr class=\"row-3\">\n\t\t<td class=\"column-1\">15:00-15:45<\/td><td class=\"column-2\">Opening ceremony<\/td>\n\t<\/tr>\n\t<tr class=\"row-4\">\n\t\t<td colspan=\"2\" class=\"column-1 colspan-2\"><\/td>\n\t<\/tr>\n\t<tr class=\"row-5\">\n\t\t<td colspan=\"2\" class=\"column-1 colspan-2\">PLENARY LECTURE<br \/>\r\nChair: Sonja Levanat<\/td>\n\t<\/tr>\n\t<tr class=\"row-6\">\n\t\t<td class=\"column-1\">16:00-16:45<\/td><td class=\"column-2\">Anton Berns (Netherlands)<br \/>\r\n\"Mouse Models of Thoracic Cancers. What Do They Teach Us?\" [EACR Sponsored Lecture]<\/td>\n\t<\/tr>\n\t<tr class=\"row-7\">\n\t\t<td colspan=\"2\" class=\"column-1 colspan-2\"><\/td>\n\t<\/tr>\n\t<tr class=\"row-8\">\n\t\t<td class=\"column-1\">16:45-17:10<\/td><td class=\"column-2\">Coffee break<\/td>\n\t<\/tr>\n\t<tr class=\"row-9\">\n\t\t<td colspan=\"2\" class=\"column-1 colspan-2\"><\/td>\n\t<\/tr>\n\t<tr class=\"row-10\">\n\t\t<td colspan=\"2\" class=\"column-1 colspan-2\">SECTION \"Cell Signaling Networks\"<br \/>\r\nChairs: Vesna Musani, Ugo Cavallaro<\/td>\n\t<\/tr>\n\t<tr class=\"row-11\">\n\t\t<td class=\"column-1\">17:10-17:40<\/td><td class=\"column-2\">Ugo Cavallaro (Italy)<br \/>\r\n\"Cancer Stem Cells: New Drivers and Mechanisms\"<\/td>\n\t<\/tr>\n\t<tr class=\"row-12\">\n\t\t<td class=\"column-1\">17:40-18:10<\/td><td class=\"column-2\">Kristijan Ramadan (UK)<br \/>\r\n\"DNA-Protein Crosslink Proteolysis Repair in Premature Ageing and Cancer\"<\/td>\n\t<\/tr>\n\t<tr class=\"row-13\">\n\t\t<td colspan=\"2\" class=\"column-1 colspan-2\">Short talks:<\/td>\n\t<\/tr>\n\t<tr class=\"row-14\">\n\t\t<td class=\"column-1\">18:10-18:25<\/td><td class=\"column-2\">Iva I. Podgorski (Croatia)<br \/>\r\n\"The Effect of SIRT3 Expression on Human Breast Cancer Cells in Normoxia and Hyperoxia\"<\/td>\n\t<\/tr>\n\t<tr class=\"row-15\">\n\t\t<td class=\"column-1\">18:25-18:40<\/td><td class=\"column-2\">\u017deljka Anzulovi\u0107 (Croatia)<br \/>\r\n\"Digital Localization and Quantification of WNT-3A Signalling-edited Target Approach in a 21 Day Murine Model of Idiopathic Pulmonary Fibrosis\"<\/td>\n\t<\/tr>\n\t<tr class=\"row-16\">\n\t\t<td colspan=\"2\" class=\"column-1 colspan-2\"><\/td>\n\t<\/tr>\n\t<tr class=\"row-17\">\n\t\t<td class=\"column-1\">18:40-19:30<\/td><td class=\"column-2\">Welcome reception<\/td>\n\t<\/tr>\n\t<tr class=\"row-18\">\n\t\t<td colspan=\"2\" class=\"column-1 colspan-2\"><\/td>\n\t<\/tr>\n\t<tr class=\"row-19\">\n\t\t<td colspan=\"2\" class=\"column-1 colspan-2\">November 9, 2018 \/ Friday<\/td>\n\t<\/tr>\n\t<tr class=\"row-20\">\n\t\t<td colspan=\"2\" class=\"column-1 colspan-2\">PLENARY LECTURE<br \/>\r\nChair: Neda Slade<\/td>\n\t<\/tr>\n\t<tr class=\"row-21\">\n\t\t<td class=\"column-1\">9:00-9:45<\/td><td class=\"column-2\">Ivan \u0110iki\u0107 (Germany)<br \/>\r\n\"Ubiquitin and Autophagy Networks in Cancer Pathogenesis\"<\/td>\n\t<\/tr>\n\t<tr class=\"row-22\">\n\t\t<td colspan=\"2\" class=\"column-1 colspan-2\"><\/td>\n\t<\/tr>\n\t<tr class=\"row-23\">\n\t\t<td class=\"column-1\">9:45-10:10<\/td><td class=\"column-2\">Coffee break<\/td>\n\t<\/tr>\n\t<tr class=\"row-24\">\n\t\t<td colspan=\"2\" class=\"column-1 colspan-2\"><\/td>\n\t<\/tr>\n\t<tr class=\"row-25\">\n\t\t<td colspan=\"2\" class=\"column-1 colspan-2\">SECTION \"Cancer Genomics and Epigenetics\"<br \/>\r\nChairs: Petar Ozreti\u0107, Hubert Hackl<\/td>\n\t<\/tr>\n\t<tr class=\"row-26\">\n\t\t<td class=\"column-1\">10:10-10:40<\/td><td class=\"column-2\">Hubert Hackl (Austria)<br \/>\r\n\"Genotype-Immunophenotype Correlation in Cancer\"<\/td>\n\t<\/tr>\n\t<tr class=\"row-27\">\n\t\t<td class=\"column-1\">10:40-11:10<\/td><td class=\"column-2\">Rosa Karli\u0107 (Croatia)<br \/>\r\n\"The Mutation Landscape of Cancers Serves as a Record of Early Malignant Transformation\"<\/td>\n\t<\/tr>\n\t<tr class=\"row-28\">\n\t\t<td colspan=\"2\" class=\"column-1 colspan-2\">Short talks:<\/td>\n\t<\/tr>\n\t<tr class=\"row-29\">\n\t\t<td class=\"column-1\">11:10-11:25<\/td><td class=\"column-2\">Nina Milutin Ga\u0161perov (Croatia)<br \/>\r\n\"DNA Methylation in Head and Neck Cancer and Oral Lesions\"<\/td>\n\t<\/tr>\n\t<tr class=\"row-30\">\n\t\t<td class=\"column-1\">11:25-11:40<\/td><td class=\"column-2\">Filiz Bakar-Ates (Turkey)<br \/>\r\n\"Cucurbitacin B Loaded Lipid Polymer Hybrid Nanocarriers Induced a Significant Decrease in Mitochondrial Membrane Potential in Breast Cancer Cells\u201d<\/td>\n\t<\/tr>\n\t<tr class=\"row-31\">\n\t\t<td class=\"column-1\">11:40-11:55<\/td><td class=\"column-2\">Marta Popovi\u0107 (Croatia)<br \/>\r\n\"Deciphering DNA-protein Crosslink Repair In Vivo Using Zebrafish Model\"<\/td>\n\t<\/tr>\n\t<tr class=\"row-32\">\n\t\t<td colspan=\"2\" class=\"column-1 colspan-2\"><\/td>\n\t<\/tr>\n\t<tr class=\"row-33\">\n\t\t<td class=\"column-1\">12:00-12:30<\/td><td class=\"column-2\">Rok Ko\u0161ir (Slovenia)<br \/>\r\n\"Droplet Digital PCR (ddPCR) and the Detection of Somatic Mutations from Liquid Biopsy of Colorectal Cancer Patients\" [Lecture sponsored by Labena d.o.o.]<\/td>\n\t<\/tr>\n\t<tr class=\"row-34\">\n\t\t<td colspan=\"2\" class=\"column-1 colspan-2\"><\/td>\n\t<\/tr>\n\t<tr class=\"row-35\">\n\t\t<td class=\"column-1\">12:30-13:30<\/td><td class=\"column-2\">Lunch break<\/td>\n\t<\/tr>\n\t<tr class=\"row-36\">\n\t\t<td class=\"column-1\">13:30:-14:30<\/td><td class=\"column-2\">Poster session<\/td>\n\t<\/tr>\n\t<tr class=\"row-37\">\n\t\t<td colspan=\"2\" class=\"column-1 colspan-2\"><\/td>\n\t<\/tr>\n\t<tr class=\"row-38\">\n\t\t<td colspan=\"2\" class=\"column-1 colspan-2\">SECTION \"Metastasis and Invasion\"<br \/>\r\nChairs: Maja Herak Bosnar, Jonathan Sleeman<\/td>\n\t<\/tr>\n\t<tr class=\"row-39\">\n\t\t<td class=\"column-1\">15:00-15:30<\/td><td class=\"column-2\">Jonathan Sleeman (Germany)<br \/>\r\n\"Microenvironmental Regulation of Metastasis\"<\/td>\n\t<\/tr>\n\t<tr class=\"row-40\">\n\t\t<td class=\"column-1\">15:30-16:00<\/td><td class=\"column-2\">Erik Sahai (UK)<br \/>\r\n\"Novel Mechanisms of Tumor-Stroma Crosstalk\"<\/td>\n\t<\/tr>\n\t<tr class=\"row-41\">\n\t\t<td colspan=\"2\" class=\"column-1 colspan-2\">Short talks:<\/td>\n\t<\/tr>\n\t<tr class=\"row-42\">\n\t\t<td class=\"column-1\">16:00-16:15<\/td><td class=\"column-2\">Julienne K. M\u00fcnzner (Germany)<br \/>\r\n\"Taking Tumor Cells to the Third Dimension: 3D Models to Study Tumor Invasion and Metastasis\"<\/td>\n\t<\/tr>\n\t<tr class=\"row-43\">\n\t\t<td class=\"column-1\">16:15-16:30<\/td><td class=\"column-2\">Ana Damjanovi\u0107 (Serbia)<br \/>\r\n\"Anticancer Effect of Berberine Against 2D and 3D Cell Culture Models\"<\/td>\n\t<\/tr>\n\t<tr class=\"row-44\">\n\t\t<td colspan=\"2\" class=\"column-1 colspan-2\"><\/td>\n\t<\/tr>\n\t<tr class=\"row-45\">\n\t\t<td class=\"column-1\">16:30-17:00<\/td><td class=\"column-2\">Coffee break<\/td>\n\t<\/tr>\n\t<tr class=\"row-46\">\n\t\t<td colspan=\"2\" class=\"column-1 colspan-2\"><\/td>\n\t<\/tr>\n\t<tr class=\"row-47\">\n\t\t<td colspan=\"2\" class=\"column-1 colspan-2\">SECTION \"The Hedgehog-GLI Signaling Pathway Minisymposium\"<br \/>\r\nChairs: Maja Sabol, Fritz Aberger<\/td>\n\t<\/tr>\n\t<tr class=\"row-48\">\n\t\t<td class=\"column-1\">17:00-17:30<\/td><td class=\"column-2\">Peter G. Zaphiropoulous (Sweden)<br \/>\r\n\"Hedgehog\/GLI Signaling: Targets and Targeting\"<\/td>\n\t<\/tr>\n\t<tr class=\"row-49\">\n\t\t<td class=\"column-1\">17:30-18:00<\/td><td class=\"column-2\">Fritz Aberger (Austria)<br \/>\r\n\"Targeting Oncogenic Hedgehog Signaling Beyond Smoothened Inhibitors\"<\/td>\n\t<\/tr>\n\t<tr class=\"row-50\">\n\t\t<td class=\"column-1\">18:00-18:30<\/td><td class=\"column-2\">Natalia Riobo-Del Galdo (UK)<br \/>\r\n\"Non-canonical Hedgehog Signalling: Is It Implicated in Cancer?\"<\/td>\n\t<\/tr>\n\t<tr class=\"row-51\">\n\t\t<td class=\"column-1\">18:30-19:00<\/td><td class=\"column-2\">Maja Sabol (Croatia)<br \/>\r\n\"The GLI Code in Ovarian Cancer\"<\/td>\n\t<\/tr>\n\t<tr class=\"row-52\">\n\t\t<td class=\"column-1\">19:00-19:30<\/td><td class=\"column-2\">Barbara Stecca (Italy)<br \/>\r\n\"An Integrated Model of Hedgehog-GLI Molecular Functions in Cancer\"<\/td>\n\t<\/tr>\n\t<tr class=\"row-53\">\n\t\t<td colspan=\"2\" class=\"column-1 colspan-2\"><\/td>\n\t<\/tr>\n\t<tr class=\"row-54\">\n\t\t<td colspan=\"2\" class=\"column-1 colspan-2\">November 10, 2018 \/ Saturday<\/td>\n\t<\/tr>\n\t<tr class=\"row-55\">\n\t\t<td colspan=\"2\" class=\"column-1 colspan-2\">SECTION \"Immuno-oncology\"<br \/>\r\nChairs: Bo\u017eena \u0160ar\u010devi\u0107, Igor Aurer<\/td>\n\t<\/tr>\n\t<tr class=\"row-56\">\n\t\t<td class=\"column-1\">9:00-9:30<\/td><td class=\"column-2\">Igor Aurer (Croatia)<br \/>\r\n\"Immunotherapy of Hematological Malignancies: A Success Story\"<\/td>\n\t<\/tr>\n\t<tr class=\"row-57\">\n\t\t<td class=\"column-1\">9:30-10:00<\/td><td class=\"column-2\">Massimo Zollo (Italy)<br \/>\r\n\"Targeting Medulloblastoma Metastatic Tumors via Immunomodulation Therapy\"<\/td>\n\t<\/tr>\n\t<tr class=\"row-58\">\n\t\t<td colspan=\"2\" class=\"column-1 colspan-2\">Short talk:<\/td>\n\t<\/tr>\n\t<tr class=\"row-59\">\n\t\t<td class=\"column-1\">10:00-10:15<\/td><td class=\"column-2\">Julia Kargl (Austria)<br \/>\r\n\"Neutrophil Elastase Induces Metastatic Phenotype In Vitro and In Vivo\"<\/td>\n\t<\/tr>\n\t<tr class=\"row-60\">\n\t\t<td colspan=\"2\" class=\"column-1 colspan-2\"><\/td>\n\t<\/tr>\n\t<tr class=\"row-61\">\n\t\t<td class=\"column-1\">10:15-10:40<\/td><td class=\"column-2\">Coffee break<\/td>\n\t<\/tr>\n\t<tr class=\"row-62\">\n\t\t<td colspan=\"2\" class=\"column-1 colspan-2\"><\/td>\n\t<\/tr>\n\t<tr class=\"row-63\">\n\t\t<td colspan=\"2\" class=\"column-1 colspan-2\">SECTION \"Targeted Therapies\"<br \/>\r\nChairs: Paula Podolski, Andreja Ambriovi\u0107-Ristov<\/td>\n\t<\/tr>\n\t<tr class=\"row-64\">\n\t\t<td class=\"column-1\">10:40-11:10<\/td><td class=\"column-2\">Andreja Ambriovi\u0107-Ristov (Croatia)<br \/>\r\n\"Characterisation of Integrin alpha V-dependent Adhesome in Tumor Cells\"<\/td>\n\t<\/tr>\n\t<tr class=\"row-65\">\n\t\t<td class=\"column-1\">11:10-11:40<\/td><td class=\"column-2\">Paula Podolski (Croatia)<br \/>\r\n\"Targeted Therapies for HER2 Positive Metastatic Breast Cancer Patients\"<\/td>\n\t<\/tr>\n\t<tr class=\"row-66\">\n\t\t<td colspan=\"2\" class=\"column-1 colspan-2\">Short talks:<\/td>\n\t<\/tr>\n\t<tr class=\"row-67\">\n\t\t<td class=\"column-1\">11:40-11:55<\/td><td class=\"column-2\">Jelena Grahovac (Serbia)<br \/>\r\n\"Repurposing of the Angiotensin Inhibitor Telmisartan for Treatment of Pancreatic Ductal Adenocarcinoma and Malignant Melanoma\"<\/td>\n\t<\/tr>\n\t<tr class=\"row-68\">\n\t\t<td class=\"column-1\">11:55-12:10<\/td><td class=\"column-2\">Josip Maduni\u0107 (Croatia)<br \/>\r\n\"Anticancer Effects of Apigenin in Human Breast Cancer Cells\"<\/td>\n\t<\/tr>\n\t<tr class=\"row-69\">\n\t\t<td colspan=\"2\" class=\"column-1 colspan-2\"><\/td>\n\t<\/tr>\n\t<tr class=\"row-70\">\n\t\t<td colspan=\"2\" class=\"column-1 colspan-2\">KEYNOTE LECTURE<br \/>\r\nChair: Sonja Levanat<\/td>\n\t<\/tr>\n\t<tr class=\"row-71\">\n\t\t<td class=\"column-1\">12:10-13:00<\/td><td class=\"column-2\">Joseph Schlessinger (USA)<br \/>\r\n\"The Role of Endocrine FGFs in Metabolism and Cancer\"<\/td>\n\t<\/tr>\n\t<tr class=\"row-72\">\n\t\t<td colspan=\"2\" class=\"column-1 colspan-2\"><\/td>\n\t<\/tr>\n\t<tr class=\"row-73\">\n\t\t<td class=\"column-1\">13:00-13:30<\/td><td class=\"column-2\">Closing ceremony and best poster awards [Sponsored by EACR]<\/td>\n\t<\/tr>\n<\/tbody>\n<\/table>\n<\/p>\n<p><!--:--><\/p>\n","protected":false},"excerpt":{"rendered":"<p>Final Programme<\/p>\n","protected":false},"author":1,"featured_media":0,"parent":0,"menu_order":3,"comment_status":"closed","ping_status":"closed","template":"","meta":{"footnotes":""},"class_list":["post-16","page","type-page","status-publish","hentry"],"_links":{"self":[{"href":"https:\/\/hdir-5.hdir.hr\/index.php?rest_route=\/wp\/v2\/pages\/16","targetHints":{"allow":["GET"]}}],"collection":[{"href":"https:\/\/hdir-5.hdir.hr\/index.php?rest_route=\/wp\/v2\/pages"}],"about":[{"href":"https:\/\/hdir-5.hdir.hr\/index.php?rest_route=\/wp\/v2\/types\/page"}],"author":[{"embeddable":true,"href":"https:\/\/hdir-5.hdir.hr\/index.php?rest_route=\/wp\/v2\/users\/1"}],"replies":[{"embeddable":true,"href":"https:\/\/hdir-5.hdir.hr\/index.php?rest_route=%2Fwp%2Fv2%2Fcomments&post=16"}],"version-history":[{"count":5,"href":"https:\/\/hdir-5.hdir.hr\/index.php?rest_route=\/wp\/v2\/pages\/16\/revisions"}],"predecessor-version":[{"id":822,"href":"https:\/\/hdir-5.hdir.hr\/index.php?rest_route=\/wp\/v2\/pages\/16\/revisions\/822"}],"wp:attachment":[{"href":"https:\/\/hdir-5.hdir.hr\/index.php?rest_route=%2Fwp%2Fv2%2Fmedia&parent=16"}],"curies":[{"name":"wp","href":"https:\/\/api.w.org\/{rel}","templated":true}]}}